{"id":8,"date":"2022-04-13T12:36:52","date_gmt":"2022-04-13T10:36:52","guid":{"rendered":"http:\/\/cmc94.fr\/?page_id=8"},"modified":"2022-04-25T17:10:34","modified_gmt":"2022-04-25T15:10:34","slug":"accueil","status":"publish","type":"page","link":"https:\/\/cmc94.fr\/","title":{"rendered":"Accueil"},"content":{"rendered":"\t\t<div data-elementor-type=\"wp-page\" data-elementor-id=\"8\" class=\"elementor elementor-8\">\n\t\t\t\t\t\t<section class=\"elementor-section elementor-top-section elementor-element elementor-element-61d572b elementor-section-boxed elementor-section-height-default elementor-section-height-default\" data-id=\"61d572b\" data-element_type=\"section\" data-e-type=\"section\">\n\t\t\t\t\t\t<div class=\"elementor-container elementor-column-gap-default\">\n\t\t\t\t\t<div class=\"elementor-column elementor-col-100 elementor-top-column elementor-element elementor-element-9efd7ae\" data-id=\"9efd7ae\" data-element_type=\"column\" data-e-type=\"column\">\n\t\t\t<div class=\"elementor-widget-wrap elementor-element-populated\">\n\t\t\t\t\t\t<div class=\"elementor-element elementor-element-ca81f06 elementor-widget elementor-widget-spacer\" data-id=\"ca81f06\" data-element_type=\"widget\" data-e-type=\"widget\" data-widget_type=\"spacer.default\">\n\t\t\t\t<div class=\"elementor-widget-container\">\n\t\t\t\t\t\t\t<div class=\"elementor-spacer\">\n\t\t\t<div class=\"elementor-spacer-inner\"><\/div>\n\t\t<\/div>\n\t\t\t\t\t\t<\/div>\n\t\t\t\t<\/div>\n\t\t\t\t\t<\/div>\n\t\t<\/div>\n\t\t\t\t\t<\/div>\n\t\t<\/section>\n\t\t\t\t<section class=\"elementor-section elementor-top-section elementor-element elementor-element-c49477d elementor-section-boxed elementor-section-height-default elementor-section-height-default\" data-id=\"c49477d\" data-element_type=\"section\" data-e-type=\"section\">\n\t\t\t\t\t\t<div class=\"elementor-container elementor-column-gap-default\">\n\t\t\t\t\t<div class=\"elementor-column elementor-col-100 elementor-top-column elementor-element elementor-element-65b6231\" data-id=\"65b6231\" data-element_type=\"column\" data-e-type=\"column\">\n\t\t\t<div class=\"elementor-widget-wrap elementor-element-populated\">\n\t\t\t\t\t\t<div class=\"elementor-element elementor-element-33f4212 elementor-widget elementor-widget-spacer\" data-id=\"33f4212\" data-element_type=\"widget\" data-e-type=\"widget\" data-widget_type=\"spacer.default\">\n\t\t\t\t<div class=\"elementor-widget-container\">\n\t\t\t\t\t\t\t<div class=\"elementor-spacer\">\n\t\t\t<div class=\"elementor-spacer-inner\"><\/div>\n\t\t<\/div>\n\t\t\t\t\t\t<\/div>\n\t\t\t\t<\/div>\n\t\t\t\t\t<\/div>\n\t\t<\/div>\n\t\t\t\t\t<\/div>\n\t\t<\/section>\n\t\t\t\t<section class=\"elementor-section elementor-top-section elementor-element elementor-element-4e8a0427 elementor-section-content-middle elementor-reverse-mobile elementor-section-stretched elementor-section-boxed elementor-section-height-default elementor-section-height-default\" data-id=\"4e8a0427\" data-element_type=\"section\" data-e-type=\"section\" data-settings=\"{&quot;stretch_section&quot;:&quot;section-stretched&quot;,&quot;background_background&quot;:&quot;classic&quot;}\">\n\t\t\t\t\t\t<div class=\"elementor-container elementor-column-gap-no\">\n\t\t\t\t\t<div class=\"elementor-column elementor-col-50 elementor-top-column elementor-element elementor-element-1fadf44c\" data-id=\"1fadf44c\" data-element_type=\"column\" data-e-type=\"column\">\n\t\t\t<div class=\"elementor-widget-wrap elementor-element-populated\">\n\t\t\t\t\t\t<div class=\"elementor-element elementor-element-1e112b24 elementor-widget elementor-widget-heading\" data-id=\"1e112b24\" data-element_type=\"widget\" data-e-type=\"widget\" data-widget_type=\"heading.default\">\n\t\t\t\t<div class=\"elementor-widget-container\">\n\t\t\t\t\t<h4 class=\"elementor-heading-title elementor-size-default\">Participons ensemble  \u00e0 la r\u00e9alisation d'un projet d'une nouvelle mosqu\u00e9e <\/h4>\t\t\t\t<\/div>\n\t\t\t\t<\/div>\n\t\t\t\t<div class=\"elementor-element elementor-element-797abbb4 elementor-widget elementor-widget-text-editor\" data-id=\"797abbb4\" data-element_type=\"widget\" data-e-type=\"widget\" data-widget_type=\"text-editor.default\">\n\t\t\t\t<div class=\"elementor-widget-container\">\n\t\t\t\t\t\t\t\t\t<p>Compte tenu du bilan d\u00e9mographique et le nombre croissant des musulmans de champigny, une nouvelle et grande mosqu\u00e9e demeure un sujet central du collectif des musulmans campinois form\u00e9 de trois associations : Al Amine, AMC et \u00ab\u00a0\u00c9changes et Action\u00a0\u00bb. Naturellement, elle r\u00e9pondra \u00e0 nos besoins spirituels ainsi qu&#8217;\u00e0 l&#8217;\u00e9ducation de nos chers enfants (les musulmanes et les musulmans de demain). Le collectif des musulmans campinois collabore avec la municipalit\u00e9 Afin de r\u00e9aliser ce grand projet. Pour mesurer l&#8217;importance de ce projet \u00e0 vos yeux, nous avons pr\u00e9par\u00e9 ce court questionnaire (2mn). rassemble.<\/p>\t\t\t\t\t\t\t\t<\/div>\n\t\t\t\t<\/div>\n\t\t\t\t<div class=\"elementor-element elementor-element-40ea61ad elementor-widget elementor-widget-button\" data-id=\"40ea61ad\" data-element_type=\"widget\" data-e-type=\"widget\" data-widget_type=\"button.default\">\n\t\t\t\t<div class=\"elementor-widget-container\">\n\t\t\t\t\t\t\t\t\t<div class=\"elementor-button-wrapper\">\n\t\t\t\t\t<a class=\"elementor-button elementor-button-link elementor-size-sm elementor-animation-grow\" href=\"https:\/\/form.jotform.com\/221052402206336\">\n\t\t\t\t\t\t<span class=\"elementor-button-content-wrapper\">\n\t\t\t\t\t\t\t\t\t<span class=\"elementor-button-text\">Formulaire en ligne <\/span>\n\t\t\t\t\t<\/span>\n\t\t\t\t\t<\/a>\n\t\t\t\t<\/div>\n\t\t\t\t\t\t\t\t<\/div>\n\t\t\t\t<\/div>\n\t\t\t\t\t<\/div>\n\t\t<\/div>\n\t\t\t\t<div class=\"elementor-column elementor-col-50 elementor-top-column elementor-element elementor-element-746207c3\" data-id=\"746207c3\" data-element_type=\"column\" data-e-type=\"column\">\n\t\t\t<div class=\"elementor-widget-wrap elementor-element-populated\">\n\t\t\t\t\t\t<div class=\"elementor-element elementor-element-4d1e163 elementor-widget elementor-widget-image\" data-id=\"4d1e163\" data-element_type=\"widget\" data-e-type=\"widget\" data-widget_type=\"image.default\">\n\t\t\t\t<div class=\"elementor-widget-container\">\n\t\t\t\t\t\t\t\t\t\t\t\t\t\t\t<img fetchpriority=\"high\" decoding=\"async\" width=\"3508\" height=\"4961\" src=\"https:\/\/cmc94.fr\/wp-content\/uploads\/2022\/04\/Collectif-CMC-site_Plan-de-travail-1.png\" class=\"attachment-full size-full wp-image-121\" alt=\"\" srcset=\"https:\/\/cmc94.fr\/wp-content\/uploads\/2022\/04\/Collectif-CMC-site_Plan-de-travail-1.png 3508w, https:\/\/cmc94.fr\/wp-content\/uploads\/2022\/04\/Collectif-CMC-site_Plan-de-travail-1-212x300.png 212w, https:\/\/cmc94.fr\/wp-content\/uploads\/2022\/04\/Collectif-CMC-site_Plan-de-travail-1-724x1024.png 724w, https:\/\/cmc94.fr\/wp-content\/uploads\/2022\/04\/Collectif-CMC-site_Plan-de-travail-1-768x1086.png 768w, https:\/\/cmc94.fr\/wp-content\/uploads\/2022\/04\/Collectif-CMC-site_Plan-de-travail-1-1086x1536.png 1086w, https:\/\/cmc94.fr\/wp-content\/uploads\/2022\/04\/Collectif-CMC-site_Plan-de-travail-1-1448x2048.png 1448w\" sizes=\"100vw\" \/>\t\t\t\t\t\t\t\t\t\t\t\t\t\t\t<\/div>\n\t\t\t\t<\/div>\n\t\t\t\t\t<\/div>\n\t\t<\/div>\n\t\t\t\t\t<\/div>\n\t\t<\/section>\n\t\t\t\t<\/div>\n\t\t","protected":false},"excerpt":{"rendered":"<p>Participons ensemble \u00e0 la r\u00e9alisation d&#8217;un projet d&#8217;une nouvelle mosqu\u00e9e Compte tenu du bilan d\u00e9mographique et le nombre croissant des musulmans de champigny, une nouvelle et grande mosqu\u00e9e demeure un sujet central du collectif des musulmans campinois form\u00e9 de trois associations : Al Amine, AMC et \u00ab\u00a0\u00c9changes et Action\u00a0\u00bb. Naturellement, elle r\u00e9pondra \u00e0 nos besoins &hellip; <\/p>\n<p class=\"link-more\"><a href=\"https:\/\/cmc94.fr\/\" class=\"more-link\">Continue reading<span class=\"screen-reader-text\"> &#8220;Accueil&#8221;<\/span><\/a><\/p>\n","protected":false},"author":1,"featured_media":0,"parent":0,"menu_order":0,"comment_status":"closed","ping_status":"closed","template":"","meta":{"inline_featured_image":false,"footnotes":""},"class_list":["post-8","page","type-page","status-publish","hentry"],"_links":{"self":[{"href":"https:\/\/cmc94.fr\/index.php\/wp-json\/wp\/v2\/pages\/8","targetHints":{"allow":["GET"]}}],"collection":[{"href":"https:\/\/cmc94.fr\/index.php\/wp-json\/wp\/v2\/pages"}],"about":[{"href":"https:\/\/cmc94.fr\/index.php\/wp-json\/wp\/v2\/types\/page"}],"author":[{"embeddable":true,"href":"https:\/\/cmc94.fr\/index.php\/wp-json\/wp\/v2\/users\/1"}],"replies":[{"embeddable":true,"href":"https:\/\/cmc94.fr\/index.php\/wp-json\/wp\/v2\/comments?post=8"}],"version-history":[{"count":58,"href":"https:\/\/cmc94.fr\/index.php\/wp-json\/wp\/v2\/pages\/8\/revisions"}],"predecessor-version":[{"id":130,"href":"https:\/\/cmc94.fr\/index.php\/wp-json\/wp\/v2\/pages\/8\/revisions\/130"}],"wp:attachment":[{"href":"https:\/\/cmc94.fr\/index.php\/wp-json\/wp\/v2\/media?parent=8"}],"curies":[{"name":"wp","href":"https:\/\/api.w.org\/{rel}","templated":true}]}}